In base 15, what is 130a40 + -6?
130a39
In base 2, what is -1001111001111111001 - -1101?
-1001111001111101100
In base 4, what is 10121 + -1220333?
-1210212
In base 6, what is 4333 + 4?
4341
In base 13, what is 62669 - -2?
6266b
In base 2, what is 101101110011 - -1000100?
101110110111
In base 6, what is 4 + -454034?
-454030
In base 14, what is -4 + -3524?
-3528
In base 5, what is -10214 - -3010?
-2204
In base 4, what is 2 + -3331?
-3323
In base 7, what is 1 - 244145?
-244144
In base 15, what is -b2456 - 2?
-b2458
In base 8, what is -30612 + 45?
-30545
In base 6, what is 105 - 121330?
-121221
In base 9, what is 75422 + 1?
75423
In base 9, what is -2200431 - -4?
-2200426
In base 4, what is 0 - -3220231?
3220231
In base 15, what is -14d83 - -2?
-14d81
In base 3, what is 1000 - -11101010?
11102010
In base 10, what is 1454 + -404?
1050
In base 11, what is -6502 - -49?
-6464
In base 9, what is 17101 + -27?
17063
In base 16, what is 1d57 - 40?
1d17
In base 9, what is -48067 + -5?
-48073
In base 4, what is -202333 + 31?
-202302
In base 12, what is -516 - 108?
-622
In base 15, what is -5 - -6cb9e?
6cb99
In base 9, what is -6 + 65880?
65873
In base 3, what is 2002200202011 - 2?
2002200202002
In base 9, what is -6 + -1088?
-1105
In base 6, what is -15223113 - -5?
-15223104
In base 10, what is 18 + 13586?
13604
In base 4, what is -101 - 2102202?
-2102303
In base 10, what is -992755 - -1?
-992754
In base 13, what is 37 + -31?
6
In base 16, what is -f4c08 - -3?
-f4c05
In base 14, what is 1 - -288d?
2890
In base 14, what is 2 + -b358?
-b356
In base 13, what is -9 + -67?
-73
In base 4, what is 123 - 103332231?
-103332102
In base 9, what is 2 - 1482?
-1480
In base 8, what is 234 - -4243?
4477
In base 4, what is -12112 + 2031?
-10021
In base 13, what is -892 - -3?
-88c
In base 7, what is -666400 - 4?
-666404
In base 8, what is 152 - 151?
1
In base 2, what is 100011111000011 - 1100001?
100011101100010
In base 15, what is 445 + 9?
44e
In base 9, what is 1436007 - 0?
1436007
In base 9, what is -108773 - 0?
-108773
In base 13, what is 1539 + 2?
153b
In base 11, what is 20071 + -31?
20040
In base 15, what is -db + 1cd?
e2
In base 13, what is 492 - 37?
458
In base 9, what is -124425 - 3?
-124428
In base 3, what is 1200010 + -2021220?
-121210
In base 10, what is -1524023 - -4?
-1524019
In base 16, what is 16 - b397?
-b381
In base 12, what is -278 + -384?
-640
In base 11, what is -52 + 212?
170
In base 8, what is 6472 - 36?
6434
In base 15, what is -103be + 0?
-103be
In base 14, what is 2c5 - 6a?
259
In base 13, what is -1571 - -107?
-1467
In base 16, what is -3 - 717d6?
-717d9
In base 13, what is 3c8 - 13?
3b5
In base 2, what is -1001001111 + 1001100101?
10110
In base 14, what is -d851 - 1?
-d852
In base 11, what is -2712 - -31?
-2691
In base 3, what is -11121 + 10021?
-1100
In base 6, what is -3 - 11034?
-11041
In base 4, what is 0 + -22323?
-22323
In base 13, what is -238 + -c1?
-329
In base 7, what is -3340 - 2642?
-6312
In base 10, what is -8 + 25290?
25282
In base 3, what is 20101 - -112221?
210022
In base 2, what is 10000101100010011 + 10?
10000101100010101
In base 9, what is 1315 + -88?
1216
In base 3, what is 0 - 2112101000?
-2112101000
In base 2, what is 110010010 - -101111010010?
110101100100
In base 8, what is 2070 - -2217?
4307
In base 6, what is 220554 + 205?
221203
In base 6, what is 25553303 - 3?
25553300
In base 2, what is 0 + -101001011001000100?
-101001011001000100
In base 11, what is 4 + 53508?
53511
In base 4, what is 1 + -20000101?
-20000100
In base 14, what is -c8b + 12?
-c79
In base 16, what is 198 + -23?
175
In base 14, what is 70a + -100?
60a
In base 8, what is 520 - 10723?
-10203
In base 2, what is 101 + -101110001110011100110?
-101110001110011100001
In base 14, what is 50a + 70?
57a
In base 12, what is 16220 + 4?
16224
In base 13, what is 919c35 + -4?
919c31
In base 13, what is 2 + 21338?
2133a
In base 7, what is -2406630 - 4?
-2406634
In base 12, what is -1 - -14515?
14514
In base 14, what is -c36a + -28?
-c394
In base 16, what is -13 - 30857?
-3086a
In base 13, what is -a3a - -1123?
3b6
In base 15, what is 8e - 77c?
-6dd
In base 12, what is 3 + -20027?
-20024
In base 9, what is -2 - -307106?
307104
In base 7, what is 3304130 + 2?
3304132
In base 13, what is -10c7 + c7?
-1000
In base 6, what is 1053 + 1124?
2221
In base 10, what is 153655 - 7?
153648
In base 6, what is -4 + -5013?
-5021
In base 7, what is 552151 - 0?
552151
In base 4, what is 210 + 113122?
113332
In base 16, what is -62 + -805?
-867
In base 15, what is -4 - 1ae76?
-1ae7a
In base 9, what is -1317 - 63?
-1381
In base 6, what is -133512 + 1?
-133511
In base 2, what is 100001100101 - -1010010?
100010110111
In base 12, what is -65 + b3b?
a96
In base 11, what is -396 + 18?
-379
In base 13, what is 20 + -c606?
-c5b6
In base 10, what is -5 - -22739?
22734
In base 13, what is -1 - -4a924?
4a923
In base 7, what is -26 - -53346?
53320
In base 12, what is -11750 - 1?
-11751
In base 13, what is 10392 - -3?
10395
In base 11, what is 698 - 38?
660
In base 7, what is 2454 - -1?
2455
In base 16, what is -1e + 1cca?
1cac
In base 2, what is 10000 - -101010110010001?
101010110100001
In base 16, what is -11c - 1e?
-13a
In base 3, what is 20 + 12211122?
12211212
In base 9, what is -601120 - 3?
-601123
In base 7, what is 35 - -3515?
3553
In base 3, what is 1101 + -10220021?
-10211220
In base 9, what is -4 + 1660442?
1660437
In base 4, what is -111123 + -102221?
-220010
In base 10, what is 6 - -27572?
27578
In base 9, what is 311546 - -1?
311547
In base 16, what is -6e + -275?
-2e3
In base 9, what is -1035 - 21?
-1056
In base 7, what is -1 + 1632536?
1632535
In base 7, what is 305412 + -41?
305341
In base 12, what is 40 - -196?
216
In base 13, what is 166 - -181?
317
In base 15, what is -d - -b7d8?
b7ca
In base 5, what is -2202 - -11?
-2141
In base 6, what is 0 + -10135454?
-10135454
In base 10, what is -367523 + -3?
-367526
In base 13, what is -2 + -31b4c?
-31b51
In base 4, what is -11 - -1001022?
1001011
In base 10, what is -21091 + 110?
-20981
In base 5, what is 14032423 + 2?
14032430
In base 10, what is 13396 + -3?
13393
In base 2, what is -1011100010 - 1000001010?
-10011101100
In base 15, what is 2 - 53822?
-53820
In base 15, what is 4 + -a5e0?
-a5db
In base 12, what is -48 - 35b?
-3a7
In base 14, what is -43ccd - -11?
-43cbc
In base 16, what is -3b43 - 3?
-3b46
In base 10, what is -100 + -1117?
-1217
In base 16, what is 270b - 0?
270b
In base 13, what is -7b + -1b5?
-263
In base 14, what is -7469d - 13?
-746b2
In base 8, what is 1 + 33123?
33124
In base 13, what is 43c3b - 2?
43c39
In base 7, what is -35 + 51?
13
In base 7, what is -4256666 - -4?
-4256662
In base 4, what is 201311220 + -10?
201311210
In base 13, what is -512c - -1?
-512b
In base 16, what is -4 - 5e64?
-5e68
In base 14, what is 24 - 161?
-13b
In base 5, what is 101 - -14440?
20041
In base 10, what is -1067 - 669?
-1736
In base 10, what is 191353 - -2?
191355
In base 2, what is -100100100100111 - -1?
-100100100100110
In base 8, what is 542540 + 1?
542541
In base 12, what is 18936 - -8?
18942
In base 16, what is 415 - 2d1?
144
In base 13, what is 801a6 + 1?
801a7
In base 3, what is -2022022021 - 2001?
-2022101022
In base 5, what is 132231014 + 4?
132231023
In base 14, what is 1cc - -7?
1d5
In base 2, what is 10110 - 101101110001?
-101101011011
In base 8, what is -12202 + 101?
-12101
In base 16, what is 386f + 2?
3871
In base 16, what is 90 - -2a1a?
2aaa
In base 5, what is 112313 - -2201?
120014
In base 13, what is 5 - -293?
298
In base 13, what is cab - -4?
cb2
In base 9, what is 238 - -1051?
1300
In base 12, what is -16796 + 5?
-16791
In base 13, what is 4c82 + 30?
4cb2
In base 16, what is a4fdcc - -5?
a4fdd1
In base 8, what is -30610 - -4?
-30604
In base 9, what is -221050 - 1?
-221051
In base 10, what is -3 + -9090?
-9093
In base 11, what is 8a - 42?
48
In base 13, what is -1 - 5640?
-5641
In base 12, what is -a593 - -3?
-a590
In base 10, what is 3065 + -45?
3020
In base 9, what is 3157 - -14?
3172
In base 14, what is -4 + -50c1?
-50c5
In base 10, what is 2 + 2679?
2681
In base 6, what is 2252312 - -3?
2252315
In base 12, what is -3 - 23012?
-23015
In base 2, what is -1011 + -1100001111111011?
-1100010000000110
In base 1